= -10*b - 12*b + 24*b + 9. Suppose 0 = n + 6 - 1. Calculate m(n).
-1
Suppose 2*l - 5*y = l - 16, -4*l + 5*y = 4. Let g(b) = -4*b + 4 + 2*b + l*b. Let f be (1 + (-2)/5)/(1/5). Calculate g(f).
10
Let a(j) = -15*j - 60. Let s be a(11). Let z = 227 + s. Let h(b) = -b**3 + 2*b**2 - 3*b + 2. Determine h(z).
-4
Let p(g) = -g**2 - 7*g - 8. Suppose o + 0*o + 3 = 0. Let w = -15 + o. Let i be (w/12)/(2/8). What is p(i)?
-2
Let o(y) be the first derivative of y**2/2 + 12*y + 1706. What is o(20)?
32
Let g(m) = -12*m**3 + 2*m + 1. Let x = 4 - 2. Let t be (-1)/((-11)/15 + 0 + 6/15). Suppose 1 + x = -t*c. Give g(c).
11
Let k(l) = 4962 + 4930 + 4685 - 15014 + 11*l. Calculate k(40).
3
Let o(u) = -11867 + 6*u + 5931 + u**2 + 5970. Determine o(-10).
74
Let d(f) = -f + 11. Let n be ((-13)/(39/2))/(2/(-363)). Let m = 118 - n. Let o be (-1*0/m - 1) + 11. Determine d(o).
1
Let u(g) = -2 + g + 7 + 2. Let d be (-3 - (-11)/2)/(506/(-1012)). Determine u(d).
2
Suppose 2*p = -2*m - 36, 3*m - 5*p + 59 - 5 = 0. Let v be 4/m + (-2118)/(-54). Let q = 45 - v. Let w(f) = f**2 - 7*f - 5. Calculate w(q).
-11
Let f(a) = -17*a**3 + 2*a**2 - a. Let s = -102 - -84. Let t be 1/(1 + 1) - 9/s. Calculate f(t).
-16
Let a = 19232 - 19238. Let q(n) = -19*n - 95. Give q(a).
19
Let d(o) = 5*o + 8. Let b(a) = 27*a + 38. Let v(l) = -2*b(l) + 11*d(l). Let k be (0 - 5)/(15/18). Give v(k).
6
Let z(j) = j - 8. Suppose 10 = 3*v - 3*s - 11, -s = 5*v - 53. Suppose 3 = v*k - 47. Calculate z(k).
-3
Let y(q) = 2 - q + 0 - 2*q. Let p be (4433/26)/(1/2). Let n = p + -335. Calculate y(n).
-16
Let i(v) be the third derivative of v**4/6 + 5*v**3/3 - 26*v**2. Let d(r) = 5*r + 11. Let p(j) = 3*d(j) - 4*i(j). Let w = -13 + 7. Determine p(w).
-1
Let v be (-2 - -1) + -1*14. Let z = 18 + v. Suppose x - 3*s = -13, 6*s - s - 27 = z*x. Let d(a) = a**3 + 2*a**2 - 5*a - 3. Calculate d(x).
-15
Let s be ((5 + -5)/4 + -4)/(-2). Let z(g) = g**3 + 24 - 4*g - 38 - 5*g**s + 0*g. Calculate z(6).
-2
Let r(t) = 14*t**3 + 2*t**2 - 19*t + 1. Let b(g) = 17*g**3 + 3*g**2 - 22*g + 2. Let z(q) = -5*b(q) + 6*r(q). Calculate z(-5).
66
Suppose -13*c + 5*c + 296 = 0. Let p(z) = -c*z + 11 + 75*z - 37*z. Give p(-8).
3
Let h(w) = -w**3 + 3*w**2 - 2*w - 1. Let y(m) = -6*m**3 + 13*m**2 - 3*m + 15. Let g(s) = 5*h(s) - y(s). Calculate g(-3).
-8
Let d(a) be the third derivative of -a**6/120 + a**5/30 + a**4/2 - 3*a**3/2 - 191*a**2 - 2*a. Give d(4).
7
Suppose -16 = -20*u + 18*u. Let w(d) be the first derivative of -2*d + d**2 - 2*d**2 - 7 - 37. Give w(u).
-18
Let f(b) = 43*b**2 - 23*b + 210. Let d(a) = 8*a**2 - 5*a + 42. Let w(q) = -16*d(q) + 3*f(q). What is w(-14)?
0
Let q(u) = -3*u**2 + 2. Let v(l) = l**3 + 22*l**2 + 22*l + 23. Suppose 0 - 1 = x - 5*o, 0 = -3*x - 2*o - 71. Let c be v(x). Give q(c).
-10
Let i(j) be the second derivative of -j**4/3 - 5*j**3/3 + 3*j**2/2 + 2*j - 18. Let r(t) = -5*t**2 - 10*t + 3. Let w(f) = -6*i(f) + 5*r(f). Determine w(4).
21
Let i(c) = -13*c + 21. Let f(y) = -15*y + 22. Let b(z) = 4*f(z) - 5*i(z). Let k(m) = -13*m + 35. Let o(l) = 5*b(l) + 2*k(l). Determine o(-7).
-8
Let k(q) = -q**3 - 13*q**2 - 26*q - 35. Let j be k(-11). Let f(l) = 0 + 2*l**2 - 8*l + j - l**2. Determine f(7).
2
Suppose p = 5, -4*n + 12*p = 14*p - 106. Let x(l) = 26*l**3 + 2*l - 1. Let m be x(1). Let w = n - m. Let j(v) = -6*v. What is j(w)?
18
Let i(g) = -225*g + 113. Let h(c) = 113*c - 51. Let n(k) = -9*h(k) - 5*i(k). What is n(1)?
2
Let x(o) = 2*o**3 - o**2 + 8. Suppose 0 = -0*l + 97*l. What is x(l)?
8
Let y(m) = -2*m**2 - 42. Let g(l) = -3*l**2 + 2*l - 63. Let a(w) = -7*g(w) + 10*y(w). Calculate a(2).
-3
Let g(j) be the first derivative of j**4/24 + 5*j**2/2 - 1. Let p(t) be the second derivative of g(t). Let v be (30/12 - 2)*0. Give p(v).
0
Let i(n) = n**3 + 12*n**2 + 12*n. Let v = -1 - 32. Let k = 22 + v. Calculate i(k).
-11
Let h(k) be the first derivative of -19 + 3*k**2 + 7 + 1 - 2*k. Determine h(-5).
-32
Let r(b) be the first derivative of b**4/4 + 5*b**3 + 8*b**2 - 18*b - 3048. Give r(-14).
-46
Let t(i) = i. Suppose 7*c = 31 + 11. Suppose -2*k = 3*k - 35. Let w be 1/2*(1 + (k - c)). Determine t(w).
1
Let k(t) = 7 + 2 + 2*t**2 - 4 + 7*t - t. Let l = 106 - 104. Suppose -a = -l*h + 12, 6*h = 4*h + 8. Calculate k(a).
13
Let z = 69 + -37. Suppose k - 36 = -z. Let n(h) = h + 0 - 4 + h - k*h. Calculate n(-5).
6
Let n = -260 - -244. Let q be ((-2)/4)/((-2)/n). Let h(d) = d**2 + 2*d + 6. Determine h(q).
14
Let o(a) = a**3 + 5*a**2 - 2*a + 9. Let y be o(-5). Let n(j) = 6*j + 5*j - 8*j + 4 + 2*j + y. Determine n(-5).
-2
Let r = 42975 + -42974. Let v(j) = 78*j - 9. Determine v(r).
69
Let c(k) be the third derivative of -k**5/60 + 7*k**4/12 - 14*k**3/3 + 8*k**2. Let r be c(11). Suppose -u - r*u + 42 = 0. Let b(x) = 3*x - 8. Determine b(u).
13
Let t(d) be the first derivative of d**2/2 + d + 980. Suppose 4*f = -b - 126, 2*b + b = -2*f - 58. Let p be (-1)/(-3) - f/(-6). Give t(p).
-4
Suppose 8*m - 20*m + 108 = 0. Let q(y) = 9*y**3 + 8*y**2 + 14*y + 4. Let v(d) = -20*d**3 - 15*d**2 - 29*d - 9. Let c(r) = m*q(r) + 4*v(r). Determine c(-11).
11
Let z(b) be the first derivative of 4*b**2 - 14*b + 762. Give z(10).
66
Let u = -42 + 47. Suppose i = 4*a, u*i - 3*a - 45 = 6. Let r(t) = -7*t + i*t + 13 - 1 - 4*t. What is r(-8)?
4
Let r(d) = -4*d + 70. Let p(f) = 11*f - 240. Let n(c) = -4*p(c) - 14*r(c). Determine n(2).
4
Let l be 4*(-6)/(-4)*(-150)/(-450). Let g(q) = q - 21. Let v(h) = 6*h - 87. Let t(p) = l*v(p) - 9*g(p). Determine t(-4).
3
Let r(a) = 33*a**3 + 28*a**2 - 25*a - 11. Let u(j) = -41*j**3 - 30*j**2 + 26*j + 11. Let c(y) = 5*r(y) + 4*u(y). What is c(-21)?
-11
Let q = 78 + -77. Let v(h) = -4*h**3 - 6*h**2 - 9. Let o(k) = -k**3 + k - 1. Let f(m) = q*v(m) - 5*o(m). Give f(7).
10
Let q be 3*1 + (-196)/49. Let t(j) = -3*j**3 - 5*j**2 + 10*j + 7. Let c(a) = -a**3 + a**2 + a. Let g(y) = q*t(y) + 2*c(y). Calculate g(-8).
-7
Let l be 10 + -5 + -14 + 13. Let k(w) = w**2 + 8*w - 37. Calculate k(l).
11
Let n(t) = -15*t - 112. Let g(a) = 13*a + 110. Let j(z) = 6*g(z) + 5*n(z). Let h be j(-35). Let l(v) = -v**2 - 5*v - 1. Determine l(h).
-1
Let v(i) be the second derivative of 5*i**3/3 - 71*i**2 + 11*i - 29. Give v(16).
18
Let s(y) = -47*y + 20. Let c(n) = -10*n - 3. Let a(u) = -5*c(u) + s(u). Give a(-10).
5
Let o(f) = f**2 + 16. Let l = 9 + -2. Suppose l*s - 272 = 99. Let y = s - 53. What is o(y)?
16
Let j(h) = 8*h - 195. Suppose 291 = -666*y + 681*y - 69. What is j(y)?
-3
Let d be 0/(-1) - (-924)/(-7). Let m = d + 217. Let w(v) = -m + v**3 + 5*v**2 + 175 + 5*v - 89. Calculate w(-4).
-3
Let a = 18 - 26. Let l(f) = -6*f - 1. Let n(c) = -13*c - 2. Let y(z) = -7*l(z) + 2*n(z). Let k(v) = -7*v - 1. Let i(p) = -9*k(p) - 4*y(p). What is i(a)?
5
Let d be (-50)/600 + (-44)/16 + 3. Let f(n) be the third derivative of 0*n - d*n**3 + 1/24*n**4 + 0 + 3*n**2 + 1/60*n**5 + 19/120*n**6. Give f(1).
20
Let k(h) = h**2 - 5*h - 8. Suppose -2*t + 3*i - 12 = -32, 10 = t + 2*i. Suppose t*v + 216 = 7*v. Let j be -5*1*v/60. Give k(j).
-2
Let y(a) = -a - 8. Let i = -55 - -55. Suppose -3*z = 18 - i. Determine y(z).
-2
Let m(b) be the third derivative of 1/6*b**3 + 0*b + 64*b**2 + 1/4*b**4 + 0. Give m(-3).
-17
Let a(b) = 3*b**2 - 12*b + 7. Let l(o) = -7*o**2 + 26*o - 15. Let h be (-2 + (-40)/(-16))*(1 - -3). Let d(r) = h*l(r) + 5*a(r). Give d(8).
5
Let w(m) be the first derivative of 6 - 3*m - 5/6*m**3 - 1/2*m**2. Let l(a) be the first derivative of w(a). Determine l(-1).
4
Let f = 7743 - 7735. Let b(t) = -5*t + 12. Let l(a) = -14*a + 36. Let j(s) = -8*b(s) + 3*l(s). Determine j(f).
-4
Let h(f) = -2*f**3 + 2*f**2 + 3*f + 2. Let b be h(-1). Let g(a) be the third derivative of 0*a + 0 + 4*a**2 + 2/3*a**3 + 1/12*a**4. Determine g(b).
10
Let s(f) = -f. Let y(t) = -2*t**3 - 17*t**2 + 5*t - 42. Let l(r) = -10*r**3 + r**2 + 4*r - 4. Let p be l(1). Let n be y(p). Determine s(n).
6
Let b(l) = -l**2 + 115*l + 1119. Let i be b(-9). Let f(q) = -q**3 + 2*q**2 + 4*q - 10. Determine f(i).
-7
Let s(y) be the second derivative of y**4/6 + 5*y**3/6 + 3*y**2/2 - 2*y. Let v be 3 - 14/(2*(-4)/12). Suppose -3*g = v - 15. Give s(g).
6
Let g(w) = -7*w + 294. Let b(u) = 3. Let j(v) = -98*b(v) + g(v). Let f be (4/(-6))/((-16)/72). Give j(f).
-21
Let n(q) = -q**2 + 6*q - 3. Suppose 3*r + l + 16 = 2*r, -5*l - 2